q(o). Suppose -7*n - 49 = -14*n. Give r(n).
-1
Suppose -g = -x - 2, -5*g + 2*g + 6 = x. Let n(q) = 6*q - 4*q - g - 1 + 4. Determine n(5).
11
Let d be -4*90/160*-4. Let l(g) = -g**3 + 10*g**2 - 9*g - 2. What is l(d)?
-2
Suppose -2*w - 3*w = -10. Let i be (-6)/w*98/42. Let u(q) = 6 - 6 + 2*q + 10 + 7*q + q**2. What is u(i)?
-4
Let c(q) be the first derivative of -q**5/120 + q**4/24 + 29*q**3/3 - 32. Let i(b) be the third derivative of c(b). Determine i(8).
-7
Let a be 24/20*200/12. Suppose 6*k - a = 2*k. Suppose 3*l - u - 3 = -1, 0 = -2*l + k*u - 16. Let o(m) = m**2 + m. Determine o(l).
6
Let w(m) = m**3 + 2*m**2 - 5*m + 20. Let d(g) = g**2 - 2*g. Let q(p) = -3*d(p) + w(p). Determine q(0).
20
Let t be 4 - ((-102)/(-9))/(32/(-48)). Let h(w) = 2*w - 51. What is h(t)?
-9
Let h(k) = -5*k - 1. Let m(d) be the second derivative of d**4/12 - d**3/3 - 9*d**2/2 + 30*d. Suppose -4*t + 5 + 11 = 0. Let g be m(t). Give h(g).
4
Let v(g) be the second derivative of g**5/20 - 5*g**4/6 + 5*g**3/3 + 3*g**2/2 - 2*g - 10. What is v(9)?
12
Let l(m) = 17*m + 93. Let k(u) = 6*u + 31. Let r(f) = -8*k(f) + 3*l(f). Determine r(-10).
1
Let u(f) = -2*f**2 - 17*f - 4. Let l(s) = 9*s + 19 - 17 - 8*s**2 + 9*s**2. Let b(y) = -5*l(y) - 3*u(y). Calculate b(-3).
-7
Let d(z) = -z**2 - 4*z + 1. Let x be (-2)/(8/(-12)) + 4. Suppose -19 = 3*u - x. Calculate d(u).
1
Let s(m) be the third derivative of m**6/120 - 5*m**5/12 - 13*m**4/6 - 25*m**3/3 - 301*m**2 + 2*m. Calculate s(27).
4
Let b = -7 - -4. Let l = -26 + 28. Let u(c) = 3 - 2*c - l - c. Calculate u(b).
10
Let t(g) = -g - 6. Suppose -5*w + 28*w = 138. Give t(w).
-12
Let v be (1 - 1) + (-6)/(-1). Let o(f) = -3*f + 2 + f**3 + 4 - v*f**2 - 3 + 7*f. Let j be ((-33)/(-33))/((-2)/(-10)). Determine o(j).
-2
Let o = 70 + -57. Let b be ((-30)/35)/(-2 + o/7). Let h(q) = -3*q**3 + 5*q**2 + 4*q + 9. Let r(l) = -l**3 - l + 1. Let y(k) = -h(k) + 2*r(k). Give y(b).
-7
Let u(b) = -2*b - 5. Let o be u(-4). Let g(c) be the first derivative of c**2/2 + 4*c - 35. What is g(o)?
7
Suppose -88 = -6*g - 76. Suppose 5 = 5*o - 5. Let z(d) = -7*d**o + 6*d**g + 1 - 3. Calculate z(-3).
-11
Let j = 9 - 14. Let h(t) be the third derivative of t**6/180 + t**5/24 - t**4/24 - 22*t**2. Let a(x) be the second derivative of h(x). Give a(j).
-15
Let f(s) = -3*s**2 - 2*s**2 + 3*s**2 - 7*s**2 - 19*s + 29 + 10*s**2. Determine f(16).
-19
Let c(n) = -8*n**2 - n + 4. Let o(w) = -16*w**2 - 2*w + 7. Let g(y) = 5*c(y) - 3*o(y). Let p = 5 - 0. Let j = p + -4. Give g(j).
8
Let v(s) = 4 + 4*s**2 + 7 + 11 - 10*s. Let q be 4*(154/8)/11. Let i(y) = -y**2 + 3*y - 7. Let l(w) = q*i(w) + 2*v(w). Calculate l(0).
-5
Let u(a) = 5*a**2 - a - 1. Let v = 5 - -2. Let j(w) = -w**2 - 14 + v + 6 - 6*w. Let b be j(-6). What is u(b)?
5
Let f = 113 - 54. Let i = f + -64. Let r(m) = m**3 + 4*m**2 - 6*m. Calculate r(i).
5
Let y(v) = -v**2 - 7*v - 2. Let j(c) = c**2 + 21*c + 9. Let b be j(-22). Let m = b - 37. What is y(m)?
4
Let j(k) = -k**2 - 7*k + 11. Let u be -20 + 108/(-63)*-7. Give j(u).
3
Let m = 50 - 106. Let g be ((-154)/m)/((-1)/(-4)). Suppose 0 = -5*r - b + 29, -3*r + 9 = -2*b - g. Let h(c) = -c**2 + 6*c + 3. Determine h(r).
3
Suppose -4*r + 0 = 4. Let w be r/((-1)/3 + 0). Let k be -3 + 4*w/(-6). Let h(y) = y**3 + 4*y**2 - 7*y - 3. Calculate h(k).
7
Let f(m) = -m**3 - 6*m**2 - 10*m - 2. Let g = 78 - 82. Give f(g).
6
Let p = 760 - 754. Let l(q) = -q**3 + 6*q**2 - 3*q - 4. Give l(p).
-22
Suppose -19*y = -27*y - 40. Let u(z) = z**2 + 3*z + 6. Give u(y).
16
Let l be (-34)/9 - 6/27. Let z(y) = -2812 - 3*y**2 + 3*y - y**3 + 1399 + 1409. Determine z(l).
0
Let y be (6 + -20)*(-2)/4. Let z = y + -5. Let f(w) = -6 + 7*w - 5*w**2 + 0*w**2 + 4*w**z. Give f(6).
0
Let w(r) = r**3 - 4*r**2 - 3*r + 3. Suppose 2*c - 19 = -3*y + 1, c + 8 = 3*y. Calculate w(c).
-9
Let m(f) = -21*f + 376. Let i be m(19). Let z(v) = v**2 + 24*v + 22. Calculate z(i).
-1
Let n(x) = -5*x - 3. Let k(c) = 6*c + 3. Let m(f) = 3*k(f) + 4*n(f). Let j(l) = l - 4 + 11 + 3*l**2 - 6 - l**3 + 2*l**3. Let i be j(-2). What is m(i)?
-9
Let j(i) = 9*i - 5. Let r(s) = 20*s - 9. Let u(q) = 5*j(q) - 2*r(q). Give u(3).
8
Let w(x) = 0 + 1 + 3*x - 2*x. Let h(n) = -57*n**2 + 2*n + 1. Let i be h(-1). Let t = -52 - i. Calculate w(t).
7
Suppose -2*z + 6 = -2*u, -u - 5 = -4*z + 4. Let w(v) be the third derivative of -v**5/15 + v**4/12 + v**3/3 - 2*v**2. Calculate w(z).
-10
Let o(n) be the first derivative of -2*n + 1/3*n**3 + 1 + 7/2*n**2. Determine o(-8).
6
Let n(v) = -7*v + 1. Let i(d) = 6 + 10 - 11 - 3*d + 4. Let b be i(9). Let q = 17 + b. Give n(q).
8
Let q(f) be the second derivative of -f**3/3 + 5*f**2/2 + f. Let z be (-6*(-8 + 304/36))/(10/(-15)). Give q(z).
-3
Let o be (-1)/(3/9 - -3 - 3). Let s(p) be the third derivative of -p**5/60 - p**3/6 - p**2. Calculate s(o).
-10
Let s(a) = a**2 - 5*a + 3. Suppose 2*k + 0*k + 3*i - 41 = 0, -16 = -2*k + 2*i. Suppose 0 = -4*x + 139 + k. Suppose 5*t = -13 + x. Determine s(t).
3
Let s = -168 - -167. Let o(u) = 10*u - 3 + 4 + 0. Calculate o(s).
-9
Let o(f) = 6*f + 1. Let t be (10/15)/((-1)/9). Suppose 4 = 4*g + 32. Let a be t/21 - (-5)/g. Calculate o(a).
-5
Let h(m) = -m**2 + 24*m - 147. Let l be h(12). Let f(p) = -4*p - 2. Calculate f(l).
10
Let i(k) = -5*k**3 + 5*k**2 + 14*k + 7. Let a(d) = 12*d**3 - 9*d**2 - 30*d - 15. Let m(c) = 3*a(c) + 7*i(c). Let b = 4 - 11. Calculate m(b).
-3
Let m(c) = 20*c**2 + 5*c. Let r(x) = 5*x**2 + x. Let k(n) = 2*m(n) - 9*r(n). Let p = 6 - 7. What is k(p)?
-6
Let j be (15 - 25)/(1 - -1). Let r(a) = 2*a + 1. What is r(j)?
-9
Let p(y) = -2*y + 7*y + y. Suppose -9*h - 17 = -8. Determine p(h).
-6
Let a(q) = q**2 + 4*q - 3. Let b(l) = -2*l**2 - l + 1. Let r be b(-1). Suppose r = 12*t - 14*t - 8. What is a(t)?
-3
Let i(l) be the second derivative of 3*l**4/4 - l**3/3 + l**2/2 - 36*l. Let t be (-1)/(-1*2/2). Determine i(t).
8
Suppose -272 = -10*h + 2*h. Suppose -14*l - 3*l = h. Let v(r) = 4*r + 1. Give v(l).
-7
Let u be (5 + -4)/((-10)/4)*-20. Let g(b) = 3*b - 5. Calculate g(u).
19
Let o(v) = -2*v**3 - 8*v**2 - 7*v + 1. Let p be o(-3). Let n(b) = b**3 - 5*b**2 + 4*b - 3. Give n(p).
-3
Let l(b) be the second derivative of -b**7/280 + b**6/360 - b**4/24 - 20*b**3/3 - 9*b. Let r(k) be the second derivative of l(k). Calculate r(1).
-3
Let c(g) = g - 7. Let i(x) = -2*x + 15. Let t(f) = 9*c(f) + 4*i(f). Let d be t(9). Let m(y) = -y**2 + 3*y + 5. What is m(d)?
-13
Let t(n) = -5*n**2 - 2*n. Suppose -4*v = 59*v - 63. Calculate t(v).
-7
Let d(t) = -2*t**2 + 7*t**2 + 0 + 5 - t**3. Let k be 10/(-8)*(14 - 18). Let p(i) = -i**2 + 4*i + 10. Let b be p(k). Give d(b).
5
Let o(a) be the second derivative of a**5/20 - a**4/2 + 3*a**3/2 + a**2 + 179*a. What is o(4)?
6
Let g(w) = -w**2 + 12*w + 5. Let z be g(13). Let s(a) = -a**2 - 7*a - 1. What is s(z)?
-9
Let q = -32 + 34. Let n(h) = -3 - q*h + 1 + h + 0. Give n(-2).
0
Let z(o) be the first derivative of 9*o + 3/2*o**2 + 10. Suppose 4*b = -25 + 1. Give z(b).
-9
Let o(h) be the first derivative of -h**2/2 - 4*h - 359. Give o(6).
-10
Let g(f) = -9*f - 80. Let h be g(-9). Let l(q) = 5*q**3 + 11*q**2 + 4*q + 2. Let r(i) = i**3 + i**2. Let c(b) = h*l(b) - 6*r(b). What is c(5)?
22
Let r be (-1)/(3/(27/3)). Let j(d) = -5*d + 4*d**2 + 23*d - 6*d + 4 - 7*d - 2*d**2. Give j(r).
7
Let d(v) = -v**2 + 5*v - 3. Let z be d(3). Let n(h) = -2 - z + 2*h - 3*h - h. What is n(-5)?
5
Let u(d) be the first derivative of -1/2*d**2 - 2 - 10*d. Suppose -2*g - 10 = 5*b, -2*b = -0*g - g + 4. Calculate u(g).
-10
Let j = 52 - 50. Let b(n) be the first derivative of -2 + 2*n - 1/3*n**3 + 3*n**j. Calculate b(6).
2
Let t(m) = m + 45*m**2 - 44*m**2 + 0*m - 3 + 2*m. Determine t(-6).
15
Let i(d) = -5*d + 2 - 4 + 28 - 13. Determine i(-5).
38
Let p(r) = 3*r + 1 - 2 + 2*r**2 - r**3 - 2. Suppose -5*m - 4*u + 35 = 0, -9*u + 5*u + 20 = 0. Give p(m).
-3
Let y(m) = -6 + 11*m**2 - m**3 + 8*m - 8*m - 10*m**2. Suppose 8*f = 3*f. Calculate y(f).
-6
Let y(k) = k - 3. Let w = 43 + -47. Let i(a) = a**3 + 6*a**2 + 10*a + 2. Let h be i(w). Calculate y(h).
-9
Let j(t) = -t + 9. Let m(k) = -3. Suppose -2*l = -y - 15, 25 = 2*l - 3*y - 0*y. Let s(q) = -q + 13. Let z be s(l). Let p(a) = z*m(a) + 3*j(a). Calculate p(5).
-12
Let i(c) be the second derivative of 18*c + 1/12*c**4 + 0 - 7/6*c**3 + 3/2*c**2. Wh